r of 2349 and 34726050.
783
What is the highest common factor of 8622 and 361962?
18
Calculate the highest common factor of 18258 and 1938.
102
What is the highest common factor of 22598177 and 8947?
389
What is the greatest common divisor of 129394435 and 115?
115
What is the highest common factor of 187737472 and 260?
52
What is the highest common divisor of 7217575 and 3100?
775
What is the greatest common divisor of 24410 and 410?
10
What is the highest common divisor of 1205 and 8064985?
5
What is the greatest common factor of 19787 and 1067235?
421
What is the highest common divisor of 8520 and 166850?
710
What is the greatest common divisor of 665790 and 990?
30
Calculate the highest common factor of 346060 and 4598.
242
Calculate the greatest common factor of 374997817 and 21558.
3593
Calculate the highest common factor of 472 and 265161340.
236
What is the highest common divisor of 238329 and 6912?
27
What is the greatest common divisor of 125952 and 3198?
246
What is the greatest common divisor of 106 and 265178716?
106
What is the highest common divisor of 1371984 and 18483?
303
What is the greatest common divisor of 205 and 389668387?
41
What is the greatest common factor of 10288 and 3675744?
16
Calculate the greatest common divisor of 174 and 65740042.
58
Calculate the greatest common divisor of 96 and 112572540.
12
Calculate the highest common factor of 110985 and 790.
5
Calculate the highest common factor of 21315460 and 80.
20
Calculate the highest common divisor of 2079 and 808457265.
693
Calculate the greatest common factor of 884 and 131282619.
221
What is the highest common divisor of 7740 and 948240?
180
What is the greatest common factor of 827 and 29202197?
827
What is the highest common factor of 18 and 2090476?
2
Calculate the greatest common factor of 29286521 and 253.
253
Calculate the greatest common divisor of 5204304 and 7616.
112
Calculate the highest common factor of 10965 and 68370.
645
What is the greatest common factor of 41 and 4320707?
1
Calculate the greatest common factor of 1428 and 259476.
84
What is the greatest common factor of 922791 and 14472?
201
What is the greatest common divisor of 2303 and 506707?
47
Calculate the highest common factor of 1202544 and 61488.
1008
Calculate the greatest common factor of 260373 and 95508.
1137
What is the greatest common divisor of 508843194 and 3858?
3858
What is the greatest common factor of 693 and 54921559?
77
What is the highest common factor of 12610 and 1646112?
26
What is the highest common divisor of 7689 and 28231911?
699
Calculate the greatest common factor of 438 and 2583762.
438
Calculate the highest common factor of 4036857 and 3129.
447
What is the highest common factor of 18 and 15314679?
9
Calculate the highest common divisor of 21516 and 66924.
132
Calculate the highest common divisor of 688138 and 1364.
682
What is the highest common factor of 343 and 36678019?
343
Calculate the highest common factor of 37500 and 362370.
30
Calculate the greatest common factor of 140792 and 1968.
8
What is the greatest common divisor of 2042 and 2456254414?
2042
What is the greatest common divisor of 474671493 and 25898?
12949
Calculate the greatest common divisor of 28786399 and 97.
97
What is the greatest common divisor of 337 and 42354160?
337
Calculate the greatest common factor of 377115 and 140430.
465
What is the highest common divisor of 219031490 and 112346?
8642
What is the greatest common divisor of 545 and 90853135?
545
Calculate the greatest common factor of 161540 and 620740.
820
What is the highest common factor of 6309259 and 154?
11
What is the highest common divisor of 4644 and 22410?
54
What is the greatest common divisor of 228976 and 130284?
44
Calculate the highest common divisor of 2084900 and 300.
100
What is the greatest common divisor of 22743 and 15261750?
1197
Calculate the greatest common factor of 209985655 and 401.
401
What is the highest common factor of 552570 and 1740?
30
Calculate the highest common divisor of 11 and 113986059.
11
Calculate the highest common factor of 9802830 and 2530.
230
What is the highest common divisor of 211881612 and 12?
12
What is the highest common factor of 7240067 and 146?
73
What is the highest common factor of 36 and 71789814?
18
Calculate the highest common factor of 11993 and 230949.
67
Calculate the highest common divisor of 224 and 51313500.
28
What is the greatest common divisor of 241706681 and 185?
37
What is the highest common factor of 9052956 and 8052?
132
What is the greatest common divisor of 13443672 and 440?
88
What is the highest common factor of 777 and 7873859?
259
What is the highest common divisor of 1596410 and 34190?
2630
What is the greatest common factor of 590950 and 383114?
446
Calculate the highest common factor of 388494 and 1629.
9
Calculate the greatest common divisor of 126 and 229782.
42
Calculate the greatest common divisor of 20 and 60695240.
20
Calculate the greatest common factor of 10585 and 7010555.
365
What is the highest common factor of 57792000 and 64113?
903
Calculate the greatest common divisor of 11352531 and 12.
3
What is the greatest common divisor of 2955704 and 40?
8
What is the highest common divisor of 3724368 and 600?
24
Calculate the greatest common factor of 13306105 and 560.
5
Calculate the highest common divisor of 80396048 and 976.
976
Calculate the highest common factor of 55138432 and 7552.
128
Calculate the highest common divisor of 12795045 and 45.
15
What is the highest common divisor of 43 and 3614967?
43
Calculate the greatest common divisor of 4027 and 2014341643.
4027
What is the highest common factor of 1112392 and 211?
211
Calculate the greatest common factor of 2444 and 9436193.
13
Calculate the greatest common divisor of 980 and 57332020.
20
What is the highest common divisor of 4353100 and 489850?
5050
Calculate the highest common divisor of 108 and 84580.
4
What is the highest common factor of 107 and 2391579363?
107
What is the highest common divisor of 10701 and 61371?
9
Calculate the greatest common factor of 92265 and 40875.
15
Calculate the greatest common divisor of 96 and 7070.
2
What is the highest common divisor of 125882 and 3343671?
557
Calculate the highest common divisor of 78 and 37755471.
39
Calculate the greatest common divisor of 50552876 and 29722.
4246
Calculate the highest common divisor of 650 and 6022550.
50
Calculate the highest common divisor of 21 and 211306017.
3
Calculate the highest common divisor of 203831 and 135673.
643
What is the greatest common divisor of 15973636 and 112?
28
Calculate the highest common divisor of 180 and 27700308.
36
Calculate the greatest common factor of 128 and 434296.
8
Calculate the highest common factor of 616814 and 10476086.
2438
Calculate the highest common divisor of 4161 and 42562212.
219
What is the highest common factor of 234027 and 297?
9
What is the greatest common divisor of 91605 and 132370?
155
What is the highest common divisor of 41064908 and 4?
4
What is the greatest common divisor of 4462552 and 38824?
184
What is the highest common divisor of 152768 and 26411?
77
Calculate the highest common factor of 1 and 21092755.
1
What is the highest common divisor of 370458 and 386199?
99
Calculate the highest common divisor of 73665 and 172953961.
1637
Calculate the highest common divisor of 10 and 13379530.
10
What is the highest common factor of 14490 and 97542540?
2070
What is the highest common divisor of 12172 and 35660738?
358
Calculate the highest common divisor of 14740 and 293326.
1474
Calculate the greatest common factor of 17084320 and 704.
352
What is the greatest common factor of 9359388 and 15?
3
Calculate the highest common factor of 130038950 and 1700.
850
What is the highest common divisor of 34891 and 182528?
23
What is the highest common divisor of 8335 and 463567695?
8335
Calculate the highest common divisor of 16635 and 227385.
15
Calculate the greatest common factor of 76 and 21698468.
4
What is the greatest common divisor of 47231 and 568713?
647
What is the greatest common factor of 8445 and 116505?
15
What is the highest common divisor of 1131747 and 221504?
3461
Calculate the highest common divisor of 88611625 and 100.
25
What is 